{"id":1658,"date":"2023-04-30T09:43:20","date_gmt":"2023-04-30T09:43:20","guid":{"rendered":"https:\/\/eli-englisch.com\/?page_id=1658"},"modified":"2023-05-05T18:37:00","modified_gmt":"2023-05-05T18:37:00","slug":"infos","status":"publish","type":"page","link":"https:\/\/eli-englisch.com\/?page_id=1658","title":{"rendered":"Informationen zu den \u00d6rtlichkeiten in Braunschweig-Zentrum"},"content":{"rendered":"\t\t<div data-elementor-type=\"wp-page\" data-elementor-id=\"1658\" class=\"elementor elementor-1658\" data-elementor-post-type=\"page\">\n\t\t\t\t\t\t<section class=\"elementor-section elementor-top-section elementor-element elementor-element-5a690fac elementor-section-boxed elementor-section-height-default elementor-section-height-default\" data-id=\"5a690fac\" data-element_type=\"section\" data-e-type=\"section\">\n\t\t\t\t\t\t<div class=\"elementor-container elementor-column-gap-default\">\n\t\t\t\t\t<div class=\"elementor-column elementor-col-100 elementor-top-column elementor-element elementor-element-6ce4ca5a\" data-id=\"6ce4ca5a\" data-element_type=\"column\" data-e-type=\"column\">\n\t\t\t<div class=\"elementor-widget-wrap elementor-element-populated\">\n\t\t\t\t\t\t<div class=\"elementor-element elementor-element-32cc66d4 elementor-widget elementor-widget-text-editor\" data-id=\"32cc66d4\" data-element_type=\"widget\" data-e-type=\"widget\" data-widget_type=\"text-editor.default\">\n\t\t\t\t<div class=\"elementor-widget-container\">\n\t\t\t\t\t\t\t\t\t\n<h5><span style=\"color: #000000;\">ELI-Sprachschule \/ Kunstverein DALI e.V.<\/span><br \/><span style=\"color: #000000;\">Hagenr\u00fccke 1-2<\/span><br \/><span style=\"color: #000000;\">38100 Braunschweig<\/span><\/h5>\n\n<p>\u00a0<\/p>\n\t\t\t\t\t\t\t\t<\/div>\n\t\t\t\t<\/div>\n\t\t\t\t\t<\/div>\n\t\t<\/div>\n\t\t\t\t\t<\/div>\n\t\t<\/section>\n\t\t\t\t<section class=\"elementor-section elementor-top-section elementor-element elementor-element-da2a46a elementor-section-boxed elementor-section-height-default elementor-section-height-default\" data-id=\"da2a46a\" data-element_type=\"section\" data-e-type=\"section\">\n\t\t\t\t\t\t<div class=\"elementor-container elementor-column-gap-default\">\n\t\t\t\t\t<div class=\"elementor-column elementor-col-100 elementor-top-column elementor-element elementor-element-63b6865\" data-id=\"63b6865\" data-element_type=\"column\" data-e-type=\"column\">\n\t\t\t<div class=\"elementor-widget-wrap elementor-element-populated\">\n\t\t\t\t\t\t<section class=\"elementor-section elementor-inner-section elementor-element elementor-element-818a885 elementor-section-boxed elementor-section-height-default elementor-section-height-default\" data-id=\"818a885\" data-element_type=\"section\" data-e-type=\"section\">\n\t\t\t\t\t\t<div class=\"elementor-container elementor-column-gap-default\">\n\t\t\t\t\t<div class=\"elementor-column elementor-col-50 elementor-inner-column elementor-element elementor-element-2d50d96\" data-id=\"2d50d96\" data-element_type=\"column\" data-e-type=\"column\">\n\t\t\t<div class=\"elementor-widget-wrap elementor-element-populated\">\n\t\t\t\t\t\t<div class=\"elementor-element elementor-element-609eed2 elementor-widget__width-initial elementor-widget elementor-widget-image\" data-id=\"609eed2\" data-element_type=\"widget\" data-e-type=\"widget\" data-widget_type=\"image.default\">\n\t\t\t\t<div class=\"elementor-widget-container\">\n\t\t\t\t\t\t\t\t\t\t\t\t\t\t\t<img fetchpriority=\"high\" decoding=\"async\" width=\"800\" height=\"800\" src=\"https:\/\/eli-englisch.com\/wp-content\/uploads\/2023\/05\/Braunschweig_collage.jpg\" class=\"attachment-large size-large wp-image-1703\" alt=\"\" srcset=\"https:\/\/eli-englisch.com\/wp-content\/uploads\/2023\/05\/Braunschweig_collage.jpg 960w, https:\/\/eli-englisch.com\/wp-content\/uploads\/2023\/05\/Braunschweig_collage-300x300.jpg 300w, https:\/\/eli-englisch.com\/wp-content\/uploads\/2023\/05\/Braunschweig_collage-150x150.jpg 150w, https:\/\/eli-englisch.com\/wp-content\/uploads\/2023\/05\/Braunschweig_collage-768x768.jpg 768w\" sizes=\"(max-width: 800px) 100vw, 800px\" \/>\t\t\t\t\t\t\t\t\t\t\t\t\t\t\t<\/div>\n\t\t\t\t<\/div>\n\t\t\t\t\t<\/div>\n\t\t<\/div>\n\t\t\t\t<div class=\"elementor-column elementor-col-50 elementor-inner-column elementor-element elementor-element-080b7fb\" data-id=\"080b7fb\" data-element_type=\"column\" data-e-type=\"column\">\n\t\t\t<div class=\"elementor-widget-wrap elementor-element-populated\">\n\t\t\t\t\t\t<div class=\"elementor-element elementor-element-4fcccb8 elementor-widget elementor-widget-image\" data-id=\"4fcccb8\" data-element_type=\"widget\" data-e-type=\"widget\" data-widget_type=\"image.default\">\n\t\t\t\t<div class=\"elementor-widget-container\">\n\t\t\t\t\t\t\t\t\t\t\t\t\t\t\t<img decoding=\"async\" width=\"800\" height=\"766\" src=\"https:\/\/eli-englisch.com\/wp-content\/uploads\/2023\/05\/ELI-1024x981.jpg\" class=\"attachment-large size-large wp-image-1699\" alt=\"\" srcset=\"https:\/\/eli-englisch.com\/wp-content\/uploads\/2023\/05\/ELI-1024x981.jpg 1024w, https:\/\/eli-englisch.com\/wp-content\/uploads\/2023\/05\/ELI-300x288.jpg 300w, https:\/\/eli-englisch.com\/wp-content\/uploads\/2023\/05\/ELI-768x736.jpg 768w, https:\/\/eli-englisch.com\/wp-content\/uploads\/2023\/05\/ELI.jpg 1080w\" sizes=\"(max-width: 800px) 100vw, 800px\" \/>\t\t\t\t\t\t\t\t\t\t\t\t\t\t\t<\/div>\n\t\t\t\t<\/div>\n\t\t\t\t\t<\/div>\n\t\t<\/div>\n\t\t\t\t\t<\/div>\n\t\t<\/section>\n\t\t\t\t\t<\/div>\n\t\t<\/div>\n\t\t\t\t\t<\/div>\n\t\t<\/section>\n\t\t\t\t<section class=\"elementor-section elementor-top-section elementor-element elementor-element-9306086 elementor-section-boxed elementor-section-height-default elementor-section-height-default\" data-id=\"9306086\" data-element_type=\"section\" data-e-type=\"section\">\n\t\t\t\t\t\t<div class=\"elementor-container elementor-column-gap-default\">\n\t\t\t\t\t<div class=\"elementor-column elementor-col-100 elementor-top-column elementor-element elementor-element-744d176\" data-id=\"744d176\" data-element_type=\"column\" data-e-type=\"column\">\n\t\t\t<div class=\"elementor-widget-wrap elementor-element-populated\">\n\t\t\t\t\t\t<section class=\"elementor-section elementor-inner-section elementor-element elementor-element-57d9b35 elementor-section-boxed elementor-section-height-default elementor-section-height-default\" data-id=\"57d9b35\" data-element_type=\"section\" data-e-type=\"section\">\n\t\t\t\t\t\t<div class=\"elementor-container elementor-column-gap-default\">\n\t\t\t\t\t<div class=\"elementor-column elementor-col-50 elementor-inner-column elementor-element elementor-element-0231a0b\" data-id=\"0231a0b\" data-element_type=\"column\" data-e-type=\"column\">\n\t\t\t<div class=\"elementor-widget-wrap elementor-element-populated\">\n\t\t\t\t\t\t<div class=\"elementor-element elementor-element-553fe80 elementor-widget elementor-widget-google_maps\" data-id=\"553fe80\" data-element_type=\"widget\" data-e-type=\"widget\" data-widget_type=\"google_maps.default\">\n\t\t\t\t<div class=\"elementor-widget-container\">\n\t\t\t\t\t\t\t<div class=\"elementor-custom-embed\">\n\t\t\t<iframe loading=\"lazy\"\n\t\t\t\t\tsrc=\"https:\/\/maps.google.com\/maps?q=Hagenr%C3%BCcke%201-2%2038100%20Braunschweig%20Deutschland&#038;t=m&#038;z=10&#038;output=embed&#038;iwloc=near\"\n\t\t\t\t\ttitle=\"Hagenr\u00fccke 1-2 38100 Braunschweig Deutschland\"\n\t\t\t\t\taria-label=\"Hagenr\u00fccke 1-2 38100 Braunschweig Deutschland\"\n\t\t\t><\/iframe>\n\t\t<\/div>\n\t\t\t\t\t\t<\/div>\n\t\t\t\t<\/div>\n\t\t\t\t\t<\/div>\n\t\t<\/div>\n\t\t\t\t<div class=\"elementor-column elementor-col-50 elementor-inner-column elementor-element elementor-element-9707573\" data-id=\"9707573\" data-element_type=\"column\" data-e-type=\"column\">\n\t\t\t<div class=\"elementor-widget-wrap elementor-element-populated\">\n\t\t\t\t\t\t<div class=\"elementor-element elementor-element-e948429 elementor-widget elementor-widget-text-editor\" data-id=\"e948429\" data-element_type=\"widget\" data-e-type=\"widget\" data-widget_type=\"text-editor.default\">\n\t\t\t\t<div class=\"elementor-widget-container\">\n\t\t\t\t\t\t\t\t\t<p><strong><span style=\"color: #c720ab;\">N\u00fctzliche Details:<\/span><\/strong><\/p>\n<p><span style=\"color: #c720ab;\">Beheizter, heller Raum<\/span><\/p>\n<p><span style=\"color: #c720ab;\">Kleiner Wartebereich f\u00fcr die Eltern vorhanden<\/span><\/p>\n<p><span style=\"color: #c720ab;\">Im Zentrum von Braunschweig<\/span><\/p>\n<p><span style=\"color: #c720ab;\">Geb\u00fchrenpflichtige Parkpl\u00e4tze in der Umgebung <\/span><\/p>\t\t\t\t\t\t\t\t<\/div>\n\t\t\t\t<\/div>\n\t\t\t\t\t<\/div>\n\t\t<\/div>\n\t\t\t\t\t<\/div>\n\t\t<\/section>\n\t\t\t\t\t<\/div>\n\t\t<\/div>\n\t\t\t\t\t<\/div>\n\t\t<\/section>\n\t\t\t\t<\/div>\n\t\t","protected":false},"excerpt":{"rendered":"<p>ELI-Sprachschule \/ Kunstverein DALI e.V.Hagenr\u00fccke 1-238100 Braunschweig \u00a0 N\u00fctzliche Details: Beheizter, heller Raum Kleiner Wartebereich f\u00fcr die Eltern vorhanden Im Zentrum von Braunschweig Geb\u00fchrenpflichtige Parkpl\u00e4tze in der Umgebung<\/p>\n","protected":false},"author":1,"featured_media":0,"parent":0,"menu_order":0,"comment_status":"closed","ping_status":"closed","template":"","meta":{"footnotes":""},"class_list":["post-1658","page","type-page","status-publish","hentry"],"_links":{"self":[{"href":"https:\/\/eli-englisch.com\/index.php?rest_route=\/wp\/v2\/pages\/1658","targetHints":{"allow":["GET"]}}],"collection":[{"href":"https:\/\/eli-englisch.com\/index.php?rest_route=\/wp\/v2\/pages"}],"about":[{"href":"https:\/\/eli-englisch.com\/index.php?rest_route=\/wp\/v2\/types\/page"}],"author":[{"embeddable":true,"href":"https:\/\/eli-englisch.com\/index.php?rest_route=\/wp\/v2\/users\/1"}],"replies":[{"embeddable":true,"href":"https:\/\/eli-englisch.com\/index.php?rest_route=%2Fwp%2Fv2%2Fcomments&post=1658"}],"version-history":[{"count":7,"href":"https:\/\/eli-englisch.com\/index.php?rest_route=\/wp\/v2\/pages\/1658\/revisions"}],"predecessor-version":[{"id":1707,"href":"https:\/\/eli-englisch.com\/index.php?rest_route=\/wp\/v2\/pages\/1658\/revisions\/1707"}],"wp:attachment":[{"href":"https:\/\/eli-englisch.com\/index.php?rest_route=%2Fwp%2Fv2%2Fmedia&parent=1658"}],"curies":[{"name":"wp","href":"https:\/\/api.w.org\/{rel}","templated":true}]}}